rime factors of 30554010?
2, 3, 5, 67, 563
List the prime factors of 863639155.
5, 109, 547, 2897
What are the prime factors of 304477273?
16493, 18461
What are the prime factors of 2211128569?
13, 13083601
What are the prime factors of 1104708890?
2, 5, 29, 3809341
List the prime factors of 196343149.
17, 647, 17851
List the prime factors of 1334224492.
2, 3617, 92219
What are the prime factors of 1035029484?
2, 3, 19, 283, 5347
List the prime factors of 1420771978.
2, 2203, 322463
List the prime factors of 66620251.
19, 3506329
List the prime factors of 1971244714.
2, 985622357
List the prime factors of 346070156.
2, 17, 1609, 3163
List the prime factors of 342363946.
2, 809, 211597
List the prime factors of 207629185.
5, 347, 119671
List the prime factors of 1319942326.
2, 13241, 49843
What are the prime factors of 1381022577?
3, 11, 733, 19031
What are the prime factors of 5990660025?
3, 5, 7, 43, 263, 1009
List the prime factors of 166076583.
3, 23, 863, 2789
What are the prime factors of 3868622006?
2, 73, 26497411
List the prime factors of 81017735.
5, 29, 19267
What are the prime factors of 694550?
2, 5, 29, 479
What are the prime factors of 126466891?
11171, 11321
What are the prime factors of 458590299?
3, 103, 1484111
What are the prime factors of 39359587?
39359587
List the prime factors of 140159450.
2, 5, 229, 12241
List the prime factors of 6172940343.
3, 19, 108297199
What are the prime factors of 318804222?
2, 3, 11, 53, 91139
List the prime factors of 80439687.
3, 137, 65239
List the prime factors of 2217099831.
3, 2503, 295259
What are the prime factors of 1549697898?
2, 3, 7, 43, 858083
List the prime factors of 379111379.
41, 103, 107, 839
What are the prime factors of 242183961?
3, 101, 157, 1697
List the prime factors of 84950449.
84950449
List the prime factors of 1852861.
19, 113, 863
List the prime factors of 525446954.
2, 262723477
What are the prime factors of 97147721?
11, 967, 9133
List the prime factors of 183522000.
2, 3, 5, 73, 419
List the prime factors of 556514376.
2, 3, 11, 2108009
List the prime factors of 145027893.
3, 19, 2544349
List the prime factors of 1892659.
233, 8123
List the prime factors of 1816387632.
2, 3, 4204601
What are the prime factors of 110997047?
7, 15856721
List the prime factors of 52368360.
2, 3, 5, 11, 97, 409
List the prime factors of 158143438.
2, 29, 47, 58013
List the prime factors of 2283213220.
2, 5, 17, 23, 291971
What are the prime factors of 1062159049?
7, 151737007
List the prime factors of 1920859420.
2, 5, 7823, 12277
List the prime factors of 229509691.
83, 2765177
List the prime factors of 281851944.
2, 3, 11, 1067621
What are the prime factors of 811379744?
2, 7, 3622231
List the prime factors of 543575534.
2, 2777, 97871
What are the prime factors of 29114415?
3, 5, 11, 5347
What are the prime factors of 119169780?
2, 3, 5, 41, 193, 251
List the prime factors of 408914222.
2, 204457111
List the prime factors of 39957592.
2, 29, 5939
What are the prime factors of 503234797?
13, 109, 131, 2711
What are the prime factors of 5325510?
2, 3, 5, 19, 9343
What are the prime factors of 4399365660?
2, 3, 5, 73322761
What are the prime factors of 850833258?
2, 3, 11, 2113, 6101
What are the prime factors of 1949194933?
7, 19, 617, 23753
What are the prime factors of 3373864895?
5, 653, 1033343
What are the prime factors of 30705659?
443, 69313
List the prime factors of 3665809072.
2, 397, 577111
List the prime factors of 1308599318.
2, 13, 4547, 11069
List the prime factors of 55618800.
2, 3, 5, 46349
What are the prime factors of 1874393798?
2, 157, 5969407
What are the prime factors of 1124374996?
2, 4801, 58549
What are the prime factors of 381059356?
2, 4177, 22807
What are the prime factors of 52735083?
3, 17578361
List the prime factors of 2234018164.
2, 7, 503, 158621
What are the prime factors of 38428148?
2, 11, 79397
What are the prime factors of 10904790?
2, 3, 5, 13, 27961
What are the prime factors of 270679043?
79, 3426317
List the prime factors of 80649608.
2, 13, 775477
List the prime factors of 100194426.
2, 3, 5566357
List the prime factors of 153514704.
2, 3, 7, 163, 2803
What are the prime factors of 18545890?
2, 5, 11, 168599
What are the prime factors of 27069171?
3, 9023057
List the prime factors of 1861071950.
2, 5, 179, 207941
What are the prime factors of 479539719?
3, 23, 2316617
List the prime factors of 227472263.
37, 107, 57457
List the prime factors of 153358508.
2, 38339627
List the prime factors of 24060666.
2, 3, 7, 81839
What are the prime factors of 1744087661?
61, 79, 361919
What are the prime factors of 1049269086?
2, 3, 3607, 5387
List the prime factors of 781579042.
2, 390789521
What are the prime factors of 149080786?
2, 17, 1091, 4019
List the prime factors of 3556707110.
2, 5, 11, 941, 34361
List the prime factors of 752957364.
2, 3, 62746447
List the prime factors of 59826953.
19, 787, 4001
List the prime factors of 180014532.
2, 3, 15001211
What are the prime factors of 1963167863?
41, 47, 1018769
List the prime factors of 22745359.
7, 13, 5101
List the prime factors of 4136144855.
5, 23, 35966477
List the prime factors of 28888416.
2, 3, 37, 2711
What are the prime factors of 872373101?
223, 727, 5381
What are the prime factors of 600730178?
2, 300365089
What are the prime factors of 32259907?
41, 47, 16741
List the prime factors of 697826335.
5, 59, 199, 11887
List the prime factors of 329280373.
4327, 76099
List the prime factors of 83902284.
2, 3, 97, 8009
List the prime factors of 63176027.
89, 709843
What are the prime factors of 291363709?
7, 13, 3201799
What are the prime factors of 72380914?
2, 139, 260363
List the prime factors of 99128340.
2, 3, 5, 183571
What are the prime factors of 3795483652?
2, 41, 829, 27917
What are the prime factors of 173643406?
2, 17, 2239, 2281
What are the prime factors of 707025671?
11, 53, 1212737
What are the prime factors of 76733994?
2, 3, 12788999
List the prime factors of 336051996.
2, 3, 7, 73, 7829
What are the prime factors of 1152038452?
2, 463, 622051
List the prime factors of 295252897.
31, 983, 9689
List the prime factors of 1730430889.
11, 401, 392299
What are the prime factors of 611813772?
2, 3, 16994827
List the prime factors of 557802520.
2, 5, 11, 59, 21487
List the prime factors of 2098533115.
5, 7, 59958089
What are the prime factors of 1511742811?
1511742811
What are the prime factors of 58775671?
58775671
What are the prime factors of 5658241756?
2, 1414560439
What are the prime factors of 248057748?
2, 3, 1087, 2113
List the prime factors of 50093153.
11, 37, 67, 167
List the prime factors of 293117105.
5, 1439, 40739
List the prime factors of 38648695.
5, 89, 86851
List the prime factors of 24451573.
24451573
What are the prime factors of 16953843?
3, 5651281
What are the prime factors of 266326071?
3, 11, 8070487
List the prime factors of 38230661.
7, 5461523
What are the prime factors of 83099095?
5, 67, 248057
What are the prime factors of 26578349?
7, 3796907
List the prime factors of 1161235743.
3, 41, 71, 132971
List the prime factors of 738491837.
738491837
What are the prime factors of 4499863456?
2, 11, 12783703
List the prime factors of 32734238.
2, 397, 41227
What are the prime factors of 2458344252?
2, 3, 7, 13, 307, 7333
List the prime factors of 116659076.
2, 31, 37, 47, 541
What are the prime factors of 3445616256?
2, 3, 19, 472261
List the prime factors of 440381426.
2, 10607, 20759
What are the prime factors of 40427135?
5, 7, 1155061
List the prime factors of 787749501.
3, 7, 11, 3410171
What are the prime factors of 140826998?
2, 13, 127, 42649
List the prime factors of 113015246.
2, 167, 338369
What are the prime factors of 6457181320?
2, 5, 161429533
List the prime factors of 2508709266.
2, 3, 7, 6636797
List the prime factors of 636597271.
1009, 630919
What are the prime factors of 48328504?
2, 7, 31, 41, 97
List the prime factors of 22131448.
2, 2766431
What are the prime factors of 1230219024?
2, 3, 617, 41539
List the prime factors of 3758143502.
2, 37, 50785723
What are the prime factors of 365458?
2, 29, 6301
What are the prime factors of 36282044?
2, 1109, 8179
What are the prime factors of 19335389?
19335389
What are the prime factors